{"id":281,"date":"2025-08-26T11:04:16","date_gmt":"2025-08-26T11:04:16","guid":{"rendered":"https:\/\/sieseguros.pt\/?page_id=281"},"modified":"2025-10-14T02:38:00","modified_gmt":"2025-10-14T02:38:00","slug":"proteccao-pessoal","status":"publish","type":"page","link":"https:\/\/sieseguros.pt\/index.php\/proteccao-pessoal\/","title":{"rendered":"Seguro Acidentes Pessoais"},"content":{"rendered":"\n<h3 class=\"wp-block-heading\"><strong>Seguro de Acidentes Pessoais<\/strong><\/h3>\n\n\n\n<p><strong>Porque os imprevistos acontecem \u2014 mas a sua tranquilidade pode estar sempre garantida.<\/strong><\/p>\n\n\n\n<p>Os acidentes fazem parte da vida e, embora n\u00e3o os possamos evitar, podemos <strong>minimizar o impacto das suas consequ\u00eancias<\/strong>.<br>Seja na pr\u00e1tica do seu desporto favorito \u2014 corrida, caminhada, BTT, surf \u2014, durante uma viagem, no trabalho ou num simples conv\u00edvio com amigos e fam\u00edlia, um imprevisto pode surgir a qualquer momento.<\/p>\n\n\n\n<p>Na <strong>SIESeguros<\/strong>, garantimos que est\u00e1 <strong>protegido 24 horas por dia, 7 dias por semana<\/strong>.<br>Trabalhamos com <strong>v\u00e1rias seguradoras de refer\u00eancia<\/strong>, o que nos permite encontrar a <strong>melhor solu\u00e7\u00e3o adaptada ao seu perfil e estilo de vida<\/strong>, oferecendo-lhe seguran\u00e7a e estabilidade financeira em caso de acidente.<\/p>\n\n\n\n<p>Com o <strong>Seguro de Acidentes Pessoais<\/strong>, pode beneficiar de:<\/p>\n\n\n\n<ul class=\"wp-block-list\">\n<li><strong>Cobertura em Portugal e no estrangeiro<\/strong>, incluindo lazer, desporto e desloca\u00e7\u00f5es;<\/li>\n\n\n\n<li><strong>Prote\u00e7\u00e3o em caso de invalidez, incapacidade tempor\u00e1ria ou morte acidental<\/strong>;<\/li>\n\n\n\n<li><strong>Despesas m\u00e9dicas, hospitalares e farmac\u00eauticas<\/strong> cobertas ap\u00f3s o acidente;<\/li>\n\n\n\n<li>Apoio financeiro que garante que a sua vida <strong>n\u00e3o para perante o imprevisto<\/strong>.<\/li>\n<\/ul>\n\n\n\n<p><strong>Proteja-se a si e a quem mais importa.<\/strong><br>\ud83d\udcde <strong>Fale connosco e descubra como a SIESeguros pode cuidar da sua seguran\u00e7a \u2014 em qualquer lugar, a qualquer hora.<\/strong><\/p>\n","protected":false},"excerpt":{"rendered":"<p>Seguro de Acidentes Pessoais Porque os imprevistos acontecem \u2014 mas a sua tranquilidade pode estar sempre garantida. Os acidentes fazem parte da vida e, embora n\u00e3o os possamos evitar, podemos minimizar o impacto das suas consequ\u00eancias.Seja na pr\u00e1tica do seu desporto favorito \u2014 corrida, caminhada, BTT, surf \u2014, durante uma viagem, no trabalho ou num [&hellip;]<\/p>\n","protected":false},"author":1,"featured_media":0,"parent":0,"menu_order":0,"comment_status":"closed","ping_status":"closed","template":"","meta":{"saved_in_kubio":false,"footnotes":""},"class_list":["post-281","page","type-page","status-publish","hentry"],"kubio_ai_page_context":{"short_desc":"","purpose":"general"},"_links":{"self":[{"href":"https:\/\/sieseguros.pt\/index.php\/wp-json\/wp\/v2\/pages\/281","targetHints":{"allow":["GET"]}}],"collection":[{"href":"https:\/\/sieseguros.pt\/index.php\/wp-json\/wp\/v2\/pages"}],"about":[{"href":"https:\/\/sieseguros.pt\/index.php\/wp-json\/wp\/v2\/types\/page"}],"author":[{"embeddable":true,"href":"https:\/\/sieseguros.pt\/index.php\/wp-json\/wp\/v2\/users\/1"}],"replies":[{"embeddable":true,"href":"https:\/\/sieseguros.pt\/index.php\/wp-json\/wp\/v2\/comments?post=281"}],"version-history":[{"count":3,"href":"https:\/\/sieseguros.pt\/index.php\/wp-json\/wp\/v2\/pages\/281\/revisions"}],"predecessor-version":[{"id":417,"href":"https:\/\/sieseguros.pt\/index.php\/wp-json\/wp\/v2\/pages\/281\/revisions\/417"}],"wp:attachment":[{"href":"https:\/\/sieseguros.pt\/index.php\/wp-json\/wp\/v2\/media?parent=281"}],"curies":[{"name":"wp","href":"https:\/\/api.w.org\/{rel}","templated":true}]}}